{"id":463,"date":"2020-01-06T17:58:38","date_gmt":"2020-01-06T17:58:38","guid":{"rendered":"https:\/\/nicesport.cl\/tienda\/?post_type=product&#038;p=463"},"modified":"2026-05-05T16:43:40","modified_gmt":"2026-05-05T16:43:40","slug":"matricula-anual","status":"publish","type":"product","link":"https:\/\/nicesport.cl\/tienda\/index.php\/product\/matricula-anual\/","title":{"rendered":"Adhesi\u00f3n Anual de Socio Triatl\u00f3n 2026"},"content":{"rendered":"<p>Objetivo: Socio anual.<\/p>\n<p>Duraci\u00f3n: Enero 2026 &#8211; Diciembre 2026<\/p>\n<ul>\n<li><strong>Beneficios Matricula anual :<\/strong><br \/>\no Los que tengan plan Nataci\u00f3n: recuperaci\u00f3n de sesiones de nataci\u00f3n no asistidas dentro del mismo mes, en distintas sedes y horarios (seg\u00fan disponibilidad), y agendamiento de sesiones en distintos horarios y sedes.<br \/>\no Auto de apoyo 1 vez por mes en ruta con abastecimiento de hidrataci\u00f3n.<\/li>\n<li>o Apoyo t\u00e9cnico en competencia como equipo 2026.<br \/>\no Descuento en competencias y productos asociadas a beneficios como equipo.<br \/>\no Ser federado y pertenecer al equipo con opci\u00f3n de sacar licencia y pertenecer a\u00fan equipo federado (y todos los beneficios asociados)<\/li>\n<li>Apoyo de entrenador en eventos fundamentales o preparaci\u00f3n como equipo nicesport que al menos compitan sobre 12 deportistas dentro de Chile (estad\u00eda, traslado, alimentaci\u00f3n, asesor\u00eda).<\/li>\n<li>Beneficios con marcas, servicios y eventos asociadas a nicesport.<\/li>\n<\/ul>\n","protected":false},"excerpt":{"rendered":"<p>Objetivo: Socio anual. Duraci\u00f3n: Enero 2026 &#8211; Diciembre 2026 Beneficios Matricula anual : o Los que tengan plan Nataci\u00f3n: recuperaci\u00f3n de sesiones de nataci\u00f3n no asistidas dentro del mismo mes, en distintas sedes y horarios (seg\u00fan disponibilidad), y agendamiento de sesiones en distintos horarios y sedes. o Auto de apoyo 1 vez por mes en [&hellip;]<\/p>\n","protected":false},"featured_media":754,"comment_status":"open","ping_status":"closed","template":"","meta":[],"product_cat":[28],"product_tag":[],"_links":{"self":[{"href":"https:\/\/nicesport.cl\/tienda\/index.php\/wp-json\/wp\/v2\/product\/463"}],"collection":[{"href":"https:\/\/nicesport.cl\/tienda\/index.php\/wp-json\/wp\/v2\/product"}],"about":[{"href":"https:\/\/nicesport.cl\/tienda\/index.php\/wp-json\/wp\/v2\/types\/product"}],"replies":[{"embeddable":true,"href":"https:\/\/nicesport.cl\/tienda\/index.php\/wp-json\/wp\/v2\/comments?post=463"}],"wp:featuredmedia":[{"embeddable":true,"href":"https:\/\/nicesport.cl\/tienda\/index.php\/wp-json\/wp\/v2\/media\/754"}],"wp:attachment":[{"href":"https:\/\/nicesport.cl\/tienda\/index.php\/wp-json\/wp\/v2\/media?parent=463"}],"wp:term":[{"taxonomy":"product_cat","embeddable":true,"href":"https:\/\/nicesport.cl\/tienda\/index.php\/wp-json\/wp\/v2\/product_cat?post=463"},{"taxonomy":"product_tag","embeddable":true,"href":"https:\/\/nicesport.cl\/tienda\/index.php\/wp-json\/wp\/v2\/product_tag?post=463"}],"curies":[{"name":"wp","href":"https:\/\/api.w.org\/{rel}","templated":true}]}}