{"id":1756,"date":"2025-03-01T03:26:08","date_gmt":"2025-03-01T03:26:08","guid":{"rendered":"https:\/\/nicesport.cl\/tienda\/?post_type=product&#038;p=1756"},"modified":"2026-01-10T17:30:17","modified_gmt":"2026-01-10T17:30:17","slug":"plan-triatlon-personalizado","status":"publish","type":"product","link":"https:\/\/nicesport.cl\/tienda\/index.php\/product\/plan-triatlon-personalizado\/","title":{"rendered":"Plan Cuatrimestral sin piscina"},"content":{"rendered":"<h2>Descripci\u00f3n<\/h2>\n<p>Adhesi\u00f3n Anual \u00a02025 $60.000.<\/p>\n<table border=\"0\" width=\"488\" cellspacing=\"0\" cellpadding=\"0\">\n<tbody>\n<tr>\n<td class=\"xl82\" width=\"115\" height=\"32\">NATACI\u00d3N<\/td>\n<td class=\"xl83\" width=\"115\">CICLISMO<\/td>\n<td class=\"xl84\" width=\"115\">CARRERA A PIE<\/td>\n<td class=\"xl87\" width=\"143\">\u00a0ADMISI\u00d3N 2025<\/td>\n<\/tr>\n<tr>\n<td class=\"xl88\" width=\"115\" height=\"43\"><\/td>\n<td class=\"xl66\" width=\"115\"><\/td>\n<td class=\"xl69\" rowspan=\"2\" width=\"115\">1. Planificaci\u00f3n\u00a0 TrainingPeaks.<\/td>\n<td class=\"xl76\" width=\"143\"><\/td>\n<\/tr>\n<tr>\n<td class=\"xl89\" width=\"115\" height=\"43\">1. Planificaci\u00f3n.<\/td>\n<td class=\"xl67\" width=\"115\">1. Planificaci\u00f3n\u00a0 TrainingPeaks.<\/td>\n<td class=\"xl76\" width=\"143\">$60.000.- (obligatoria)<\/td>\n<\/tr>\n<tr>\n<td class=\"xl89\" width=\"115\" height=\"43\"><\/td>\n<td class=\"xl67\" width=\"115\"><\/td>\n<td class=\"xl71\" width=\"115\">2. An\u00e1lisis datos.<\/td>\n<td class=\"xl76\" width=\"143\">* Auto apoyo ciclismo s\u00e1bado am.<\/td>\n<\/tr>\n<tr>\n<td class=\"xl90\" height=\"43\">2. An\u00e1lisis datos.<\/td>\n<td class=\"xl68\">2. An\u00e1lisis datos.<\/td>\n<td class=\"xl72\" width=\"115\">3. Ejecuci\u00f3n personalizada.<\/td>\n<td class=\"xl76\" width=\"143\">* Apoyo t\u00e9cnico competencias.<\/td>\n<\/tr>\n<tr>\n<td class=\"xl91\" width=\"115\" height=\"43\">3. Ejecuci\u00f3n personalizada.<\/td>\n<td class=\"xl74\" width=\"115\">3. Ejecuci\u00f3n personalizada.<\/td>\n<td class=\"xl80\" rowspan=\"3\" width=\"115\">4.-Jueves 18:30 P.m cerro\u00a0 San Crist\u00f3bal o\u00a0 Bicentenario.<\/td>\n<td class=\"xl76\" width=\"143\">* Extrenamientos extraprogramaticos.<\/td>\n<\/tr>\n<tr>\n<td class=\"xl92\" rowspan=\"2\" width=\"115\" height=\"86\">4.- Planificaci\u00f3n Prep. Fisica.<\/td>\n<td class=\"xl73\" rowspan=\"2\" width=\"115\">4.- Planificaci\u00f3n Prep. Fisica.<\/td>\n<td class=\"xl76\" width=\"143\"><\/td>\n<\/tr>\n<tr>\n<td class=\"xl86\" width=\"143\" height=\"43\">$45.000.-\u00a0 (opcional)\u00a0 (Licencia federativa) .<\/td>\n<\/tr>\n<tr>\n<td class=\"xl91\" rowspan=\"4\" width=\"115\" height=\"171\"><\/td>\n<td class=\"xl74\" rowspan=\"4\" width=\"115\">5.- Salidas Grupales, los s-abados AM.<\/td>\n<td class=\"xl79\" rowspan=\"2\" width=\"115\">5.-Martes 18:30 P.m Pista Atl\u00e9tica Estadio Nacional.<\/td>\n<td class=\"xl85\" rowspan=\"3\" width=\"143\">* Ocupar instalaciones Estadio Nacional.\u00a0\u00a0\u00a0\u00a0\u00a0\u00a0\u00a0\u00a0\u00a0 * Beneficios club federado.<\/td>\n<\/tr>\n<tr>\n<td class=\"xl79\" rowspan=\"2\" width=\"115\" height=\"65\"><\/td>\n<\/tr>\n<tr>\n<td class=\"xl77\" width=\"143\" height=\"29\">6.-\u00a0 Planificaci\u00f3n Prep. Fisica.<\/td>\n<\/tr>\n<\/tbody>\n<\/table>\n","protected":false},"excerpt":{"rendered":"<p>Descripci\u00f3n Adhesi\u00f3n Anual \u00a02025 $60.000. NATACI\u00d3N CICLISMO CARRERA A PIE \u00a0ADMISI\u00d3N 2025 1. Planificaci\u00f3n\u00a0 TrainingPeaks. 1. Planificaci\u00f3n. 1. Planificaci\u00f3n\u00a0 TrainingPeaks. $60.000.- (obligatoria) 2. An\u00e1lisis datos. * Auto apoyo ciclismo s\u00e1bado am. 2. An\u00e1lisis datos. 2. An\u00e1lisis datos. 3. Ejecuci\u00f3n personalizada. * Apoyo t\u00e9cnico competencias. 3. Ejecuci\u00f3n personalizada. 3. Ejecuci\u00f3n personalizada. 4.-Jueves 18:30 P.m cerro\u00a0 San [&hellip;]<\/p>\n","protected":false},"featured_media":696,"comment_status":"open","ping_status":"closed","template":"","meta":[],"product_cat":[34],"product_tag":[],"_links":{"self":[{"href":"https:\/\/nicesport.cl\/tienda\/index.php\/wp-json\/wp\/v2\/product\/1756"}],"collection":[{"href":"https:\/\/nicesport.cl\/tienda\/index.php\/wp-json\/wp\/v2\/product"}],"about":[{"href":"https:\/\/nicesport.cl\/tienda\/index.php\/wp-json\/wp\/v2\/types\/product"}],"replies":[{"embeddable":true,"href":"https:\/\/nicesport.cl\/tienda\/index.php\/wp-json\/wp\/v2\/comments?post=1756"}],"wp:featuredmedia":[{"embeddable":true,"href":"https:\/\/nicesport.cl\/tienda\/index.php\/wp-json\/wp\/v2\/media\/696"}],"wp:attachment":[{"href":"https:\/\/nicesport.cl\/tienda\/index.php\/wp-json\/wp\/v2\/media?parent=1756"}],"wp:term":[{"taxonomy":"product_cat","embeddable":true,"href":"https:\/\/nicesport.cl\/tienda\/index.php\/wp-json\/wp\/v2\/product_cat?post=1756"},{"taxonomy":"product_tag","embeddable":true,"href":"https:\/\/nicesport.cl\/tienda\/index.php\/wp-json\/wp\/v2\/product_tag?post=1756"}],"curies":[{"name":"wp","href":"https:\/\/api.w.org\/{rel}","templated":true}]}}