{"id":1654,"date":"2024-12-29T16:29:43","date_gmt":"2024-12-29T16:29:43","guid":{"rendered":"https:\/\/nicesport.cl\/tienda\/?post_type=product&#038;p=1654"},"modified":"2025-05-26T14:25:19","modified_gmt":"2025-05-26T14:25:19","slug":"plan-trimestral-natacion-1-sesiones-x-semana","status":"publish","type":"product","link":"https:\/\/nicesport.cl\/tienda\/index.php\/product\/plan-trimestral-natacion-1-sesiones-x-semana\/","title":{"rendered":"Nataci\u00f3n 3 Meses, 1 Sesi\u00f3n \/Semana"},"content":{"rendered":"<table border=\"0\" width=\"1097\" cellspacing=\"0\" cellpadding=\"0\">\n<colgroup>\n<col width=\"115\" \/>\n<col width=\"100\" \/>\n<col width=\"151\" \/>\n<col width=\"108\" \/>\n<col width=\"135\" \/>\n<col width=\"108\" \/>\n<col width=\"95\" \/>\n<col span=\"3\" width=\"95\" \/><\/colgroup>\n<tbody>\n<tr>\n<td class=\"xl129\" colspan=\"6\" rowspan=\"2\" width=\"717\" height=\"60\">SEDES <span class=\"font7\">Entrenamientos\u00a0 y Clases de Nataci\u00f3n, <\/span><span class=\"font6\">NS NICESPORT 2025.<\/span><\/td>\n<td class=\"xl136\" colspan=\"4\" width=\"380\">VALORIZACI\u00d3N DE\u00a0 PLANES<\/td>\n<\/tr>\n<tr>\n<td class=\"xl139\" height=\"29\">MENSUAL<\/td>\n<td class=\"xl140\">TRIMESTRAL<\/td>\n<td class=\"xl140\">SEMESTRAL<\/td>\n<td class=\"xl141\">ANUAL<\/td>\n<\/tr>\n<tr>\n<td class=\"xl127\" height=\"21\">LUGAR<\/td>\n<td class=\"xl128\">PISCINA<\/td>\n<td class=\"xl128\">DIAS<\/td>\n<td class=\"xl128\">HORARIOS<\/td>\n<td class=\"xl128\">\u00a0ADMISI\u00d3N 2025<\/td>\n<td class=\"xl128\">DIAS X SEMANA<\/td>\n<td class=\"xl133\" colspan=\"4\">INDICADORES\u00a0 MENSUALES<\/td>\n<\/tr>\n<tr>\n<td class=\"xl142\" rowspan=\"4\" width=\"115\" height=\"172\">***CLUB SUIZO Dubl\u00e9 Almeyda 2191, Metro \u00d1u\u00f1oa L3-L6<\/td>\n<td class=\"xl78\" rowspan=\"4\" width=\"100\">Piscina 25m Temperada, Descubierta en Verano, Domo Invierno.<\/td>\n<td class=\"xl79\" width=\"151\">Lu &#8211; Mi &#8211; VI\u00a0 (AM) .<\/td>\n<td class=\"xl79\" width=\"108\">7:00 A 8:00<\/td>\n<td class=\"xl80\" rowspan=\"3\">$28.000<\/td>\n<td class=\"xl81\">1<\/td>\n<td class=\"xl82\">$60.000<\/td>\n<td class=\"xl82\">$57.000<\/td>\n<td class=\"xl82\">$54.000<\/td>\n<td class=\"xl114\">$51.000<\/td>\n<\/tr>\n<tr>\n<td class=\"xl125\" width=\"151\" height=\"43\">Lu &#8211; Mi\u00a0 (PM) <span class=\"font5\">*\u00a0\u00a0\u00a0\u00a0\u00a0 <\/span><span class=\"font0\">\u00a0\u00a0\u00a0\u00a0\u00a0\u00a0\u00a0\u00a0\u00a0\u00a0\u00a0\u00a0\u00a0\u00a0\u00a0\u00a0\u00a0\u00a0\u00a0\u00a0\u00a0\u00a0\u00a0\u00a0\u00a0\u00a0\u00a0\u00a0\u00a0\u00a0\u00a0\u00a0\u00a0\u00a0\u00a0\u00a0\u00a0\u00a0\u00a0\u00a0\u00a0\u00a0\u00a0\u00a0\u00a0\u00a0\u00a0\u00a0\u00a0\u00a0\u00a0\u00a0\u00a0\u00a0\u00a0\u00a0\u00a0\u00a0\u00a0\u00a0\u00a0\u00a0\u00a0\u00a0\u00a0\u00a0\u00a0\u00a0\u00a0\u00a0\u00a0\u00a0\u00a0\u00a0\u00a0\u00a0\u00a0\u00a0\u00a0\u00a0\u00a0\u00a0\u00a0\u00a0\u00a0\u00a0\u00a0\u00a0\u00a0\u00a0\u00a0\u00a0\u00a0\u00a0\u00a0\u00a0\u00a0\u00a0\u00a0\u00a0\u00a0\u00a0\u00a0\u00a0\u00a0\u00a0\u00a0\u00a0\u00a0\u00a0\u00a0\u00a0\u00a0\u00a0\u00a0\u00a0\u00a0\u00a0\u00a0\u00a0\u00a0\u00a0\u00a0\u00a0\u00a0\u00a0\u00a0\u00a0\u00a0\u00a0\u00a0\u00a0\u00a0\u00a0\u00a0\u00a0\u00a0\u00a0\u00a0\u00a0\u00a0\u00a0\u00a0\u00a0\u00a0\u00a0\u00a0\u00a0\u00a0\u00a0\u00a0\u00a0\u00a0\u00a0\u00a0\u00a0\u00a0\u00a0\u00a0\u00a0\u00a0\u00a0\u00a0\u00a0\u00a0\u00a0\u00a0\u00a0\u00a0\u00a0\u00a0\u00a0\u00a0\u00a0\u00a0\u00a0\u00a0\u00a0\u00a0\u00a0\u00a0\u00a0\u00a0\u00a0\u00a0\u00a0\u00a0\u00a0\u00a0\u00a0\u00a0\u00a0\u00a0\u00a0\u00a0\u00a0\u00a0\u00a0\u00a0\u00a0\u00a0\u00a0\u00a0\u00a0\u00a0\u00a0\u00a0\u00a0\u00a0\u00a0\u00a0\u00a0\u00a0\u00a0\u00a0\u00a0\u00a0\u00a0\u00a0\u00a0\u00a0\u00a0\u00a0\u00a0\u00a0\u00a0\u00a0\u00a0\u00a0\u00a0\u00a0\u00a0\u00a0\u00a0\u00a0\u00a0\u00a0\u00a0\u00a0\u00a0\u00a0\u00a0\u00a0\u00a0\u00a0\u00a0\u00a0\u00a0\u00a0\u00a0\u00a0\u00a0\u00a0\u00a0\u00a0\u00a0\u00a0\u00a0\u00a0\u00a0\u00a0\u00a0\u00a0\u00a0\u00a0\u00a0\u00a0\u00a0\u00a0\u00a0\u00a0\u00a0\u00a0\u00a0\u00a0\u00a0\u00a0\u00a0\u00a0\u00a0\u00a0\u00a0\u00a0\u00a0\u00a0\u00a0\u00a0\u00a0\u00a0\u00a0\u00a0\u00a0\u00a0\u00a0\u00a0\u00a0\u00a0\u00a0\u00a0\u00a0\u00a0\u00a0\u00a0\u00a0\u00a0\u00a0\u00a0\u00a0\u00a0\u00a0\u00a0\u00a0\u00a0\u00a0\u00a0\u00a0\u00a0\u00a0\u00a0\u00a0\u00a0\u00a0\u00a0\u00a0\u00a0\u00a0\u00a0\u00a0\u00a0\u00a0\u00a0\u00a0\u00a0\u00a0\u00a0\u00a0\u00a0\u00a0\u00a0<\/span><\/td>\n<td class=\"xl83\" width=\"108\">\u00a0\u00a0\u00a0 20:00 A 21:00<\/td>\n<td class=\"xl81\">2<\/td>\n<td class=\"xl82\">$70.000<\/td>\n<td class=\"xl82\">$66.500<\/td>\n<td class=\"xl82\">$63.000<\/td>\n<td class=\"xl114\">$59.500<\/td>\n<\/tr>\n<tr>\n<td class=\"xl85\" height=\"43\">VI (PM).<span class=\"font5\">*<\/span><\/td>\n<td class=\"xl85\">\u00a0\u00a0\u00a0 19:00 A 20:00<\/td>\n<td class=\"xl81\">3<\/td>\n<td class=\"xl82\">$80.000<\/td>\n<td class=\"xl82\">$76.000<\/td>\n<td class=\"xl82\">$72.000<\/td>\n<td class=\"xl114\">$68.000<\/td>\n<\/tr>\n<tr>\n<td class=\"xl94\" height=\"43\">Inicio Enero 2025.<\/td>\n<td class=\"xl86\"><\/td>\n<td class=\"xl86\"><\/td>\n<td class=\"xl81\">4<\/td>\n<td class=\"xl82\">$90.000<\/td>\n<td class=\"xl82\">$85.500<\/td>\n<td class=\"xl147\">$81.000<\/td>\n<td class=\"xl114\">$76.500<\/td>\n<\/tr>\n<tr>\n<td class=\"xl143\" rowspan=\"3\" width=\"115\" height=\"128\">ESTADIO NACIONAL, Av. Grecia 2001, Metro Estadio Nacional L6<\/td>\n<td class=\"xl73\" rowspan=\"3\" width=\"100\">Piscina 50m Temperada.<\/td>\n<td class=\"xl72\"><\/td>\n<td class=\"xl68\"><\/td>\n<td class=\"xl70\"><\/td>\n<td class=\"xl69\">1<\/td>\n<td class=\"xl87\" colspan=\"4\" rowspan=\"3\" width=\"380\">Beneficio de Nadar opcionalmente\u00a0 en el estadio nacional contratando cualquier plan de nataci\u00f3n\u00a0 NICESPORT en piscina Club suizo\u00a0 y\u00a0 U.central ( desde marzo), respetando el n\u00famero de sesiones contratadas por semana.<\/td>\n<\/tr>\n<tr>\n<td class=\"xl126\" width=\"151\" height=\"36\">Lu &#8211; Mi\u00a0 (PM) .<\/td>\n<td class=\"xl67\">14:00 A 15:00<\/td>\n<td class=\"xl71\" width=\"135\">$40.000.-\u00a0 ( Licencia triatleta federado)<\/td>\n<td class=\"xl76\" rowspan=\"2\">2<\/td>\n<\/tr>\n<tr>\n<td class=\"xl96\" height=\"29\">Inicio Enero 2025.<\/td>\n<td class=\"xl66\"><\/td>\n<td class=\"xl66\"><\/td>\n<\/tr>\n<tr>\n<td class=\"xl142\" rowspan=\"4\" width=\"115\" height=\"172\">**U. CENTRAL Av. Sta. Isabel 1148, Metro Parque Almagro L3<\/td>\n<td class=\"xl78\" rowspan=\"4\" width=\"100\">Piscina 25m Temperada, Cubierta.<\/td>\n<td class=\"xl79\" width=\"151\">Ma &#8211; Mi &#8211; Ju &#8211; VI\u00a0 (AM)*<\/td>\n<td class=\"xl79\" width=\"108\">7:00 A 8:00<\/td>\n<td class=\"xl80\" rowspan=\"3\">$28.000<\/td>\n<td class=\"xl81\">1<\/td>\n<td class=\"xl82\">$60.000<\/td>\n<td class=\"xl82\">$57.000<\/td>\n<td class=\"xl82\">$54.000<\/td>\n<td class=\"xl114\">$51.000<\/td>\n<\/tr>\n<tr>\n<td class=\"xl125\" width=\"151\" height=\"43\">Lu &#8211; Mi &#8211; Vi (PM) <span class=\"font5\">*\u00a0\u00a0\u00a0\u00a0\u00a0 <\/span><span class=\"font0\">\u00a0\u00a0\u00a0\u00a0\u00a0\u00a0\u00a0\u00a0\u00a0\u00a0\u00a0\u00a0\u00a0\u00a0\u00a0\u00a0\u00a0\u00a0\u00a0\u00a0\u00a0\u00a0\u00a0\u00a0\u00a0\u00a0\u00a0\u00a0\u00a0\u00a0\u00a0\u00a0\u00a0\u00a0\u00a0\u00a0\u00a0\u00a0\u00a0\u00a0\u00a0\u00a0\u00a0\u00a0\u00a0\u00a0\u00a0\u00a0\u00a0\u00a0\u00a0\u00a0\u00a0\u00a0\u00a0\u00a0\u00a0\u00a0\u00a0\u00a0\u00a0\u00a0\u00a0\u00a0\u00a0\u00a0\u00a0\u00a0\u00a0\u00a0\u00a0\u00a0\u00a0\u00a0\u00a0\u00a0\u00a0\u00a0\u00a0\u00a0\u00a0\u00a0\u00a0\u00a0\u00a0\u00a0\u00a0\u00a0\u00a0\u00a0\u00a0\u00a0\u00a0\u00a0\u00a0\u00a0\u00a0\u00a0\u00a0\u00a0\u00a0\u00a0\u00a0\u00a0\u00a0\u00a0\u00a0\u00a0\u00a0\u00a0\u00a0\u00a0\u00a0\u00a0\u00a0\u00a0\u00a0\u00a0\u00a0\u00a0\u00a0\u00a0\u00a0\u00a0\u00a0\u00a0\u00a0\u00a0\u00a0\u00a0\u00a0\u00a0\u00a0\u00a0\u00a0\u00a0\u00a0\u00a0\u00a0\u00a0\u00a0\u00a0\u00a0\u00a0\u00a0\u00a0\u00a0\u00a0\u00a0\u00a0\u00a0\u00a0\u00a0\u00a0\u00a0\u00a0\u00a0\u00a0\u00a0\u00a0\u00a0\u00a0\u00a0\u00a0\u00a0\u00a0\u00a0\u00a0\u00a0\u00a0\u00a0\u00a0\u00a0\u00a0\u00a0\u00a0\u00a0\u00a0\u00a0\u00a0\u00a0\u00a0\u00a0\u00a0\u00a0\u00a0\u00a0\u00a0\u00a0\u00a0\u00a0\u00a0\u00a0\u00a0\u00a0\u00a0\u00a0\u00a0\u00a0\u00a0\u00a0\u00a0\u00a0\u00a0\u00a0\u00a0\u00a0\u00a0\u00a0\u00a0\u00a0\u00a0\u00a0\u00a0\u00a0\u00a0\u00a0\u00a0\u00a0\u00a0\u00a0\u00a0\u00a0\u00a0\u00a0\u00a0\u00a0\u00a0\u00a0\u00a0\u00a0\u00a0\u00a0\u00a0\u00a0\u00a0\u00a0\u00a0\u00a0\u00a0\u00a0\u00a0\u00a0\u00a0\u00a0\u00a0\u00a0\u00a0\u00a0\u00a0\u00a0\u00a0\u00a0\u00a0\u00a0\u00a0\u00a0\u00a0\u00a0\u00a0\u00a0\u00a0\u00a0\u00a0\u00a0\u00a0\u00a0\u00a0\u00a0\u00a0\u00a0\u00a0\u00a0\u00a0\u00a0\u00a0\u00a0\u00a0\u00a0\u00a0\u00a0\u00a0\u00a0\u00a0\u00a0\u00a0\u00a0\u00a0\u00a0\u00a0\u00a0\u00a0\u00a0\u00a0\u00a0\u00a0\u00a0\u00a0\u00a0\u00a0\u00a0\u00a0\u00a0\u00a0\u00a0\u00a0\u00a0\u00a0\u00a0\u00a0\u00a0\u00a0\u00a0\u00a0\u00a0\u00a0\u00a0\u00a0\u00a0\u00a0\u00a0\u00a0\u00a0\u00a0\u00a0\u00a0\u00a0\u00a0\u00a0\u00a0\u00a0\u00a0\u00a0\u00a0\u00a0\u00a0\u00a0\u00a0\u00a0<\/span><\/td>\n<td class=\"xl83\" width=\"108\">\u00a0 19:00 A 20:00<\/td>\n<td class=\"xl81\">2<\/td>\n<td class=\"xl82\">$70.000<\/td>\n<td class=\"xl82\">$66.500<\/td>\n<td class=\"xl82\">$63.000<\/td>\n<td class=\"xl114\">$59.500<\/td>\n<\/tr>\n<tr>\n<td class=\"xl95\" height=\"43\">Inicio Marzo 2025.<\/td>\n<td class=\"xl85\"><\/td>\n<td class=\"xl81\">3<\/td>\n<td class=\"xl82\">$80.000<\/td>\n<td class=\"xl82\">$76.000<\/td>\n<td class=\"xl82\">$72.000<\/td>\n<td class=\"xl114\">$68.000<\/td>\n<\/tr>\n<tr>\n<td class=\"xl119\" height=\"43\"><\/td>\n<td class=\"xl119\"><\/td>\n<td class=\"xl119\"><\/td>\n<td class=\"xl120\">4<\/td>\n<td class=\"xl121\">$90.000<\/td>\n<td class=\"xl121\">$85.500<\/td>\n<td class=\"xl121\">$81.000<\/td>\n<td class=\"xl122\">$76.500<\/td>\n<\/tr>\n<tr>\n<td class=\"xl98\" colspan=\"5\" height=\"29\">*** SEDE\u00a0 CLUB SUIZO duraci\u00f3n Verano enero y febrero 2025 (horarios proyectables).<\/td>\n<td class=\"xl100\"><\/td>\n<td class=\"xl101\" width=\"95\"><\/td>\n<td class=\"xl101\" width=\"95\"><\/td>\n<td class=\"xl101\" width=\"95\"><\/td>\n<td class=\"xl102\" width=\"95\"><\/td>\n<\/tr>\n<tr>\n<td class=\"xl103\" colspan=\"4\" height=\"29\">** SEDE U. CENTRAL duraci\u00f3n Marzo 2025\u00a0\u00a0 a\u00a0 Enero 2026.<\/td>\n<td class=\"xl93\"><\/td>\n<td class=\"xl105\"><\/td>\n<td class=\"xl106\" width=\"95\"><\/td>\n<td class=\"xl106\" width=\"95\"><\/td>\n<td class=\"xl106\" width=\"95\"><\/td>\n<td class=\"xl107\" width=\"95\"><\/td>\n<\/tr>\n<tr>\n<td class=\"xl108\" colspan=\"7\" height=\"21\">*Programa Escuela de Nataci\u00f3n Adulto y Entrenamiento<\/p>\n<p>(los que NO tienen simbolo * son solo horarios de entrenamiento).<\/td>\n<td class=\"xl93\"><\/td>\n<td class=\"xl93\"><\/td>\n<td class=\"xl109\"><\/td>\n<\/tr>\n<tr>\n<td class=\"xl110\" colspan=\"2\" height=\"23\">Clase de Prueba $15.000.-<\/td>\n<td class=\"xl111\"><\/td>\n<td class=\"xl111\"><\/td>\n<td class=\"xl111\"><\/td>\n<td class=\"xl111\"><\/td>\n<td class=\"xl112\"><\/td>\n<td class=\"xl111\"><\/td>\n<td class=\"xl111\"><\/td>\n<td class=\"xl113\"><\/td>\n<\/tr>\n<\/tbody>\n<\/table>\n<div class=\"page\" title=\"Page 1\">\n<div class=\"layoutArea\">\n<div class=\"column\">\n<div class=\"page\" title=\"Page 1\">\n<div class=\"section\">\n<div class=\"layoutArea\">\n<div class=\"column\">\n<p>* Feriados no se recuperan, se consideran di\u0301as no ha\u0301biles.<br \/>\n* Suspensio\u0301n de sesiones por fuerza mayor, solo se pueden recuperar dentro del mes contratado en cualquier otro horario.<\/p>\n<\/div>\n<\/div>\n<\/div>\n<\/div>\n<\/div>\n<\/div>\n<\/div>\n<p>&nbsp;<\/p>\n","protected":false},"excerpt":{"rendered":"<p>SEDES Entrenamientos\u00a0 y Clases de Nataci\u00f3n, NS NICESPORT 2025. VALORIZACI\u00d3N DE\u00a0 PLANES MENSUAL TRIMESTRAL SEMESTRAL ANUAL LUGAR PISCINA DIAS HORARIOS \u00a0ADMISI\u00d3N 2025 DIAS X SEMANA INDICADORES\u00a0 MENSUALES ***CLUB SUIZO Dubl\u00e9 Almeyda 2191, Metro \u00d1u\u00f1oa L3-L6 Piscina 25m Temperada, Descubierta en Verano, Domo Invierno. Lu &#8211; Mi &#8211; VI\u00a0 (AM) . 7:00 A 8:00 $28.000 1 [&hellip;]<\/p>\n","protected":false},"featured_media":1099,"comment_status":"open","ping_status":"closed","template":"","meta":[],"product_cat":[30],"product_tag":[],"_links":{"self":[{"href":"https:\/\/nicesport.cl\/tienda\/index.php\/wp-json\/wp\/v2\/product\/1654"}],"collection":[{"href":"https:\/\/nicesport.cl\/tienda\/index.php\/wp-json\/wp\/v2\/product"}],"about":[{"href":"https:\/\/nicesport.cl\/tienda\/index.php\/wp-json\/wp\/v2\/types\/product"}],"replies":[{"embeddable":true,"href":"https:\/\/nicesport.cl\/tienda\/index.php\/wp-json\/wp\/v2\/comments?post=1654"}],"wp:featuredmedia":[{"embeddable":true,"href":"https:\/\/nicesport.cl\/tienda\/index.php\/wp-json\/wp\/v2\/media\/1099"}],"wp:attachment":[{"href":"https:\/\/nicesport.cl\/tienda\/index.php\/wp-json\/wp\/v2\/media?parent=1654"}],"wp:term":[{"taxonomy":"product_cat","embeddable":true,"href":"https:\/\/nicesport.cl\/tienda\/index.php\/wp-json\/wp\/v2\/product_cat?post=1654"},{"taxonomy":"product_tag","embeddable":true,"href":"https:\/\/nicesport.cl\/tienda\/index.php\/wp-json\/wp\/v2\/product_tag?post=1654"}],"curies":[{"name":"wp","href":"https:\/\/api.w.org\/{rel}","templated":true}]}}