{"id":1176,"date":"2024-01-28T22:14:49","date_gmt":"2024-01-28T22:14:49","guid":{"rendered":"https:\/\/nicesport.cl\/tienda\/?post_type=product&#038;p=1176"},"modified":"2025-12-29T23:12:39","modified_gmt":"2025-12-29T23:12:39","slug":"plan-anual-triatlon-con-3-sesiones-de-natacion-incluida","status":"publish","type":"product","link":"https:\/\/nicesport.cl\/tienda\/index.php\/product\/plan-anual-triatlon-con-3-sesiones-de-natacion-incluida\/","title":{"rendered":"Plan Anual Triatl\u00f3n con 3a4 sesiones de Nataci\u00f3n Incluida."},"content":{"rendered":"<div class=\"layoutArea\">\n<div class=\"column\">\n<p>ADHESI\u00d3N 2025 $75.000.-<\/p>\n<p>&nbsp;<\/p>\n<p>**U. CENTRAL Av. Sta. Isabel 1148, Metro Parque Almagro L3<br \/>\nPiscina 25m Temperada, Cubierta.<br \/>\nMa \u2013 Mi \u2013 Ju \u2013 VI\u00a0 (AM)*\u00a0 7:00 A 8:00<br \/>\nLu \u2013 Mi \u2013 Vi (PM) *\u00a0\u00a0 19:00 A 20:00<br \/>\nInicio Marzo 2025.<\/p>\n<p>ESTADIO NACIONAL, Av. Grecia 2001, Metro Estadio Nacional L6<br \/>\nPiscina 50m Temperada.<br \/>\nLu \u2013 Mi &#8211; Vi \u00a0(PM) .14:00 A 15:00<br \/>\nInicio Enero 2026.<\/p>\n<p>CICLISMO<br \/>\n1. Planificaci\u00f3n\u00a0 TrainingPeaks.<br \/>\n2. An\u00e1lisis datos.<br \/>\n3. Ejecuci\u00f3n personalizada<br \/>\n4.- Planificaci\u00f3n Prep. Fisica.<br \/>\n5.- Salidas Grupales, los s\u00e1bados AM.<\/p>\n<p>CARRERA A PIE<br \/>\n1. Planificaci\u00f3n\u00a0TrainingPeaks.<br \/>\n2. An\u00e1lisis datos.<br \/>\n3. Ejecuci\u00f3n personalizada.<br \/>\n4.-Martes 18:30 P.m cerro\u00a0 San Crist\u00f3bal o\u00a0 Bicentenario.<br \/>\n5.-Martes 18:30 P.m Pista Atl\u00e9tica Estadio Nacional.<br \/>\n6.-\u00a0 Planificaci\u00f3n Prep. Fisica. \u00a0ADMISI\u00d3N 2025<\/p>\n<p>$70.000.- (obligatoria)<br \/>\n* Auto apoyo ciclismo s\u00e1bado am.<br \/>\n* Apoyo t\u00e9cnico competencias.<br \/>\n* Extrenamientos extraprogramaticos.<\/p>\n<p>$40.000.-\u00a0 (opcional)\u00a0(Licencia federativa) .<br \/>\n* Ocupar instalaciones Estadio Nacional.\u00a0\u00a0\u00a0\u00a0\u00a0\u00a0\u00a0\u00a0\u00a0 * Beneficios club federado.<\/p>\n<p>*** SEDE\u00a0 CLUB SUIZO duraci\u00f3n Verano enero y febrero 2025 (horarios proyectables).<br \/>\n** SEDE U. CENTRAL duraci\u00f3n Marzo 2025\u00a0\u00a0 a\u00a0 Enero 2026.<br \/>\n\/\/ Ejecucic\u00f3n personalizada :\u00a0 sesiones aut\u00f3nomas ajustadas a tu disponibilidad.<br \/>\n* Horarios\u00a0 Escuela de Nataci\u00f3n Adulto y Entrenamiento (los que NO tienen simbolo * son solo horarios de entrenamiento).<br \/>\nSemana\u00a0 de Prueba $35.000.-<br \/>\nLos Feriados NO se recuperan, se consideran d\u00edas no habiles.<\/p>\n<\/div>\n<\/div>\n<div class=\"layoutArea\">\n<div class=\"column\">\n<p>Se debe elegir un horario de nataci\u00f3n con m\u00e1ximo de 4 sesiones semanales, opcionalmente si es que existe espacio pondr\u00e1 recuperar sesiones en otros horarios dentro de mes.<\/p>\n<ul>\n<li>En el caso que el convenio de nataci\u00f3n tenga modificaciones dentro del a\u00f1o y en caso de no llegar alg\u00fan acuerdo y si no se dispone de estos horarios para nadar por cualquier motivo dentro de un mes, el cliente tendr\u00e1 el derecho a la devoluci\u00f3n de un 1\/3 de la cuota mensual s\u00f3lo por el mes que no existi\u00f3 nataci\u00f3n por parte de NS nicesport.<\/li>\n<li>Planificaci\u00f3n personalizada a distancia y\/o sesiones de entrenamiento presenciales (estas \u00faltimas son opcionales ya que siempre estar\u00e1n las tareas y planificaciones dentro de Trainingpeaks).<\/li>\n<\/ul>\n<ul>\n<li>Existen videos de preparaci\u00f3n a distancia (los cuales son opcionales realizar, pero necesario a la hora de ejecutar dentro de la planificaci\u00f3n en caso de no tener un programa individual en alg\u00fan gimnasio o asesor\u00eda)<\/li>\n<\/ul>\n<\/div>\n<\/div>\n","protected":false},"excerpt":{"rendered":"<p>ADHESI\u00d3N 2025 $75.000.- &nbsp; **U. CENTRAL Av. Sta. Isabel 1148, Metro Parque Almagro L3 Piscina 25m Temperada, Cubierta. Ma \u2013 Mi \u2013 Ju \u2013 VI\u00a0 (AM)*\u00a0 7:00 A 8:00 Lu \u2013 Mi \u2013 Vi (PM) *\u00a0\u00a0 19:00 A 20:00 Inicio Marzo 2025. ESTADIO NACIONAL, Av. Grecia 2001, Metro Estadio Nacional L6 Piscina 50m Temperada. Lu [&hellip;]<\/p>\n","protected":false},"featured_media":1177,"comment_status":"open","ping_status":"closed","template":"","meta":[],"product_cat":[28],"product_tag":[],"_links":{"self":[{"href":"https:\/\/nicesport.cl\/tienda\/index.php\/wp-json\/wp\/v2\/product\/1176"}],"collection":[{"href":"https:\/\/nicesport.cl\/tienda\/index.php\/wp-json\/wp\/v2\/product"}],"about":[{"href":"https:\/\/nicesport.cl\/tienda\/index.php\/wp-json\/wp\/v2\/types\/product"}],"replies":[{"embeddable":true,"href":"https:\/\/nicesport.cl\/tienda\/index.php\/wp-json\/wp\/v2\/comments?post=1176"}],"wp:featuredmedia":[{"embeddable":true,"href":"https:\/\/nicesport.cl\/tienda\/index.php\/wp-json\/wp\/v2\/media\/1177"}],"wp:attachment":[{"href":"https:\/\/nicesport.cl\/tienda\/index.php\/wp-json\/wp\/v2\/media?parent=1176"}],"wp:term":[{"taxonomy":"product_cat","embeddable":true,"href":"https:\/\/nicesport.cl\/tienda\/index.php\/wp-json\/wp\/v2\/product_cat?post=1176"},{"taxonomy":"product_tag","embeddable":true,"href":"https:\/\/nicesport.cl\/tienda\/index.php\/wp-json\/wp\/v2\/product_tag?post=1176"}],"curies":[{"name":"wp","href":"https:\/\/api.w.org\/{rel}","templated":true}]}}