{"id":1082,"date":"2023-11-28T19:01:14","date_gmt":"2023-11-28T19:01:14","guid":{"rendered":"https:\/\/nicesport.cl\/tienda\/?post_type=product&#038;p=1082"},"modified":"2024-12-29T15:07:16","modified_gmt":"2024-12-29T15:07:16","slug":"plan-1-vez-por-semana-clases-natacion","status":"publish","type":"product","link":"https:\/\/nicesport.cl\/tienda\/index.php\/product\/plan-1-vez-por-semana-clases-natacion\/","title":{"rendered":"Plan mensual nataci\u00f3n 1 sesi\u00f3n x semana"},"content":{"rendered":"<p>SEDES Entrenamientos\u00a0 y Clases de Nataci\u00f3n, NS NICESPORT 2025.<\/p>\n<p>***CLUB SUIZO Dubl\u00e9 Almeyda 2191, Metro \u00d1u\u00f1oa L3-L6<br \/>\nPiscina 25m Temperada, Descubierta en Verano, Domo Invierno.<\/p>\n<p>Lu &#8211; Mi &#8211; VI\u00a0 (AM) .<br \/>\n7:00 A 8:00<\/p>\n<p>Lu &#8211; Mi\u00a0 (PM) *<br \/>\n20:00 A 21:00<br \/>\nVI (PM).*<br \/>\n19:00 A 20:00<\/p>\n<p>ESTADIO NACIONAL, Av. Grecia 2001, Metro Estadio Nacional L6<br \/>\nPiscina 50m Temperada.<\/p>\n<p>Lu &#8211; Mi\u00a0 (PM) .<br \/>\n14:00 A 15:00<br \/>\n$40.000.-\u00a0 ( requisito Licencia triatleta federado)<\/p>\n<p>**U. CENTRAL Av. Sta. Isabel 1148, Metro Parque Almagro L3<br \/>\nPiscina 25m Temperada, Cubierta.<\/p>\n<p>Ma &#8211; Mi &#8211; Ju &#8211; VI\u00a0 (AM)*<br \/>\n7:00 A 8:00<br \/>\n$28.000<br \/>\nLu &#8211; Mi &#8211; Vi (PM) *<br \/>\n19:00 A 20:00<br \/>\nInicio Marzo 2025.<\/p>\n<p>*** SEDE\u00a0 CLUB SUIZO duraci\u00f3n Verano enero y febrero 2025 (horarios proyectables).<br \/>\n** SEDE U. CENTRAL duraci\u00f3n Marzo 2025\u00a0\u00a0 a\u00a0 Enero 2026.<\/p>\n<p>*Programa Escuela de Nataci\u00f3n Adulto y Entrnamiento (los que NO tienen simbolo * son solo horarios de entrenamiento).<br \/>\nClase de Prueba $15.000.-<\/p>\n","protected":false},"excerpt":{"rendered":"<p>SEDES Entrenamientos\u00a0 y Clases de Nataci\u00f3n, NS NICESPORT 2025. ***CLUB SUIZO Dubl\u00e9 Almeyda 2191, Metro \u00d1u\u00f1oa L3-L6 Piscina 25m Temperada, Descubierta en Verano, Domo Invierno. Lu &#8211; Mi &#8211; VI\u00a0 (AM) . 7:00 A 8:00 Lu &#8211; Mi\u00a0 (PM) * 20:00 A 21:00 VI (PM).* 19:00 A 20:00 ESTADIO NACIONAL, Av. Grecia 2001, Metro Estadio [&hellip;]<\/p>\n","protected":false},"featured_media":1075,"comment_status":"open","ping_status":"closed","template":"","meta":[],"product_cat":[30],"product_tag":[],"_links":{"self":[{"href":"https:\/\/nicesport.cl\/tienda\/index.php\/wp-json\/wp\/v2\/product\/1082"}],"collection":[{"href":"https:\/\/nicesport.cl\/tienda\/index.php\/wp-json\/wp\/v2\/product"}],"about":[{"href":"https:\/\/nicesport.cl\/tienda\/index.php\/wp-json\/wp\/v2\/types\/product"}],"replies":[{"embeddable":true,"href":"https:\/\/nicesport.cl\/tienda\/index.php\/wp-json\/wp\/v2\/comments?post=1082"}],"wp:featuredmedia":[{"embeddable":true,"href":"https:\/\/nicesport.cl\/tienda\/index.php\/wp-json\/wp\/v2\/media\/1075"}],"wp:attachment":[{"href":"https:\/\/nicesport.cl\/tienda\/index.php\/wp-json\/wp\/v2\/media?parent=1082"}],"wp:term":[{"taxonomy":"product_cat","embeddable":true,"href":"https:\/\/nicesport.cl\/tienda\/index.php\/wp-json\/wp\/v2\/product_cat?post=1082"},{"taxonomy":"product_tag","embeddable":true,"href":"https:\/\/nicesport.cl\/tienda\/index.php\/wp-json\/wp\/v2\/product_tag?post=1082"}],"curies":[{"name":"wp","href":"https:\/\/api.w.org\/{rel}","templated":true}]}}